re the prime factors of 273825629?
7, 11, 71, 50087
List the prime factors of 191441761.
7, 27348823
What are the prime factors of 69576316?
2, 17394079
List the prime factors of 852487105.
5, 170497421
What are the prime factors of 501937681?
7, 71705383
List the prime factors of 5456506.
2, 11, 197, 1259
List the prime factors of 5565778170.
2, 3, 5, 2143, 86573
What are the prime factors of 18259201?
2099, 8699
List the prime factors of 170817274.
2, 23, 161453
List the prime factors of 137334741.
3, 103, 444449
What are the prime factors of 9939128?
2, 19, 23, 2843
What are the prime factors of 2170227389?
11, 11117, 17747
List the prime factors of 3393474829.
439, 1567, 4933
List the prime factors of 4112174959.
19, 216430261
What are the prime factors of 2937284338?
2, 139, 10565771
What are the prime factors of 4553659907?
47, 96886381
List the prime factors of 2029780370.
2, 5, 107, 1896991
List the prime factors of 321530690.
2, 5, 13, 17, 73, 1993
List the prime factors of 2618504995.
5, 43, 499, 24407
List the prime factors of 2109338391.
3, 557, 1262321
What are the prime factors of 10142380?
2, 5, 507119
What are the prime factors of 9407660366?
2, 13, 883, 409777
What are the prime factors of 712106975?
5, 3203, 8893
List the prime factors of 24151638.
2, 3, 7, 43, 311
What are the prime factors of 7078299342?
2, 3, 167, 7064171
What are the prime factors of 5840465?
5, 1168093
List the prime factors of 394271280.
2, 3, 5, 13, 19, 739
What are the prime factors of 18421768?
2, 337, 6833
What are the prime factors of 6385745703?
3, 179, 181, 65699
What are the prime factors of 937829058?
2, 3, 156304843
List the prime factors of 2665797688.
2, 2011, 165701
What are the prime factors of 989888410?
2, 5, 7, 17, 19, 43781
List the prime factors of 967703375.
5, 71, 109037
What are the prime factors of 794499550?
2, 5, 13, 1222307
What are the prime factors of 923481141?
3, 11, 5189, 5393
What are the prime factors of 106203070?
2, 5, 10620307
What are the prime factors of 560821774?
2, 2731, 102677
What are the prime factors of 2310087703?
7, 11, 1601, 2677
What are the prime factors of 186135017?
186135017
List the prime factors of 47094171.
3, 15698057
What are the prime factors of 5368313?
653, 8221
What are the prime factors of 293801334?
2, 3, 48966889
What are the prime factors of 17522835?
3, 5, 11, 17, 6247
List the prime factors of 18697887.
3, 13, 159811
List the prime factors of 152252971.
13, 1123, 10429
What are the prime factors of 2438550387?
3, 7, 13, 277, 3583
What are the prime factors of 24356994?
2, 3, 4059499
List the prime factors of 354871850.
2, 5, 919, 7723
List the prime factors of 65924260.
2, 5, 3296213
What are the prime factors of 112321855?
5, 22464371
What are the prime factors of 341917983?
3, 11, 41, 43, 653
What are the prime factors of 14876161?
1103, 13487
List the prime factors of 2773260551.
2773260551
List the prime factors of 1850422241.
1423, 1300367
What are the prime factors of 2679740228?
2, 11, 60903187
What are the prime factors of 192650801?
7, 3931649
What are the prime factors of 1417104522?
2, 3, 1033, 76213
What are the prime factors of 26048487?
3, 19, 456991
List the prime factors of 168772317.
3, 7, 1148111
List the prime factors of 2879762166.
2, 3, 373, 142973
List the prime factors of 3208005172.
2, 29, 3863, 7159
List the prime factors of 4341653.
4341653
What are the prime factors of 640389128?
2, 3539, 22619
What are the prime factors of 44869226?
2, 167, 134339
List the prime factors of 17694341.
7, 79, 653
What are the prime factors of 100000013?
827, 120919
List the prime factors of 3338834.
2, 17, 283, 347
List the prime factors of 97247159.
97247159
List the prime factors of 106126549.
113, 263, 3571
What are the prime factors of 44962326?
2, 3, 37, 67511
List the prime factors of 134580854.
2, 137, 491171
List the prime factors of 1223706458.
2, 13, 3463, 13591
List the prime factors of 34580172.
2, 3, 11, 261971
List the prime factors of 166500735.
3, 5, 11100049
List the prime factors of 167934694.
2, 43, 1952729
List the prime factors of 43745765.
5, 7, 521, 2399
List the prime factors of 4060962156.
2, 3, 23, 1021, 14411
What are the prime factors of 670105443?
3, 7, 419, 76157
What are the prime factors of 192789453?
3, 64263151
What are the prime factors of 305105509?
305105509
What are the prime factors of 15153943?
7, 109, 19861
What are the prime factors of 36555699?
3, 71, 73, 2351
What are the prime factors of 2923307?
223, 13109
What are the prime factors of 64893975?
3, 5, 865253
List the prime factors of 1945793996.
2, 599, 812101
What are the prime factors of 1205757467?
1205757467
List the prime factors of 33270562.
2, 13, 43, 29759
List the prime factors of 353343148.
2, 103, 857629
List the prime factors of 375321287.
11, 34120117
List the prime factors of 337540035.
3, 5, 7, 19, 71, 2383
List the prime factors of 27703453.
27703453
What are the prime factors of 2660992407?
3, 173, 433, 3947
List the prime factors of 291643611.
3, 7, 23, 603817
What are the prime factors of 23052423?
3, 173, 44417
What are the prime factors of 1966708108?
2, 491677027
What are the prime factors of 47442786?
2, 3, 7907131
What are the prime factors of 59888319?
3, 163, 122471
What are the prime factors of 85529627?
85529627
List the prime factors of 3648378352.
2, 228023647
List the prime factors of 59042445.
3, 5, 7, 11, 17, 31, 97
What are the prime factors of 38180828?
2, 7, 23, 101, 587
What are the prime factors of 320281738?
2, 7, 541, 863
List the prime factors of 40077368.
2, 1277, 3923
What are the prime factors of 23360259?
3, 13, 598981
What are the prime factors of 6350076320?
2, 5, 7, 5669711
List the prime factors of 673247898.
2, 3, 113, 330997
What are the prime factors of 1102919985?
3, 5, 24509333
What are the prime factors of 92511585?
3, 5, 685271
List the prime factors of 2580184.
2, 322523
List the prime factors of 1117979390.
2, 5, 11, 41, 247889
List the prime factors of 244175989.
557, 438377
What are the prime factors of 117651179?
117651179
What are the prime factors of 227582816?
2, 7111963
List the prime factors of 16230264.
2, 3, 43, 15727
List the prime factors of 16587986.
2, 8293993
What are the prime factors of 22150244?
2, 31, 73, 2447
List the prime factors of 59169625.
5, 59, 71, 113
What are the prime factors of 42466839?
3, 14155613
What are the prime factors of 654830025?
3, 5, 97, 90011
What are the prime factors of 300661444?
2, 29, 47, 55147
List the prime factors of 395559537.
3, 19, 43, 161387
List the prime factors of 206216129.
7, 29, 1015843
List the prime factors of 1321976700.
2, 3, 5, 11, 37, 401
List the prime factors of 228401467.
7, 32628781
List the prime factors of 2675691579.
3, 11, 81081563
List the prime factors of 1221423071.
11, 111038461
What are the prime factors of 2609417999?
29, 1453, 61927
What are the prime factors of 431711299?
431711299
What are the prime factors of 2437237291?
43, 3221, 17597
What are the prime factors of 1513781079?
3, 2879, 175267
List the prime factors of 771610393.
4421, 174533
List the prime factors of 19078510.
2, 5, 11, 251, 691
List the prime factors of 1788567606.
2, 3, 7, 137, 103613
What are the prime factors of 19190592?
2, 3, 33317
What are the prime factors of 269198843?
71, 103, 131, 281
What are the prime factors of 591336048?
2, 3, 1433, 8597
What are the prime factors of 209407104?
2, 3, 181777
What are the prime factors of 9629749?
9629749
List the prime factors of 231269437.
7, 43, 89, 97
What are the prime factors of 39071736?
2, 3, 11, 49333
List the prime factors of 5838947203.
29, 71, 499, 5683
What are the prime factors of 4044979597?
19, 4013, 53051
What are the prime factors of 288408400?
2, 5, 7, 17, 73, 83
List the prime factors of 606430045.
5, 13, 9329693
What are the prime factors of 2056790719?
2056790719
List the prime factors of 486121414.
2, 59, 233, 17681
List the prime factors of 255956016.
2, 3, 5332417
List the prime factors of 103361110.
2, 5, 467, 22133
List the prime factors of 15453787.
563, 27449
List the prime factors of 16986652.
2, 1033, 4111
List the prime factors of 50663955.
3, 5, 3377597
What are the prime factors of 16379397